umber?
True
Is 2714086757 a composite number?
True
Is 256368407 a prime number?
True
Is 9669205769 composite?
False
Is 12781762199 composite?
False
Is 76168189 a prime number?
True
Is 2157690309 a prime number?
False
Is 886364537 a prime number?
False
Is 155742421 a composite number?
False
Is 89824130467 prime?
True
Is 274994437 composite?
False
Is 260947123 a prime number?
False
Is 102058381 composite?
True
Is 1711151683 prime?
False
Is 4733492899 prime?
False
Is 969729037 a composite number?
False
Is 244857516313 a prime number?
True
Is 230366233 a composite number?
False
Is 4141777499 a prime number?
True
Is 2215017901 a composite number?
False
Is 10277014199 composite?
True
Is 114904506029 a composite number?
False
Is 31012414 a prime number?
False
Is 1084662097 a prime number?
True
Is 4714995581 a prime number?
False
Is 578158409 a prime number?
True
Is 8905572323 a prime number?
True
Is 850802251 composite?
True
Is 4571504489 a composite number?
False
Is 3634385129 a composite number?
False
Is 20811840631 a prime number?
False
Is 37141254763 prime?
False
Is 872685353 a composite number?
True
Is 580065157 a composite number?
True
Is 1345819729 prime?
True
Is 110533433 prime?
True
Is 5159791613 a prime number?
True
Is 2587507357 a prime number?
False
Is 2049844717 a composite number?
True
Is 1060339201 a composite number?
True
Is 1673941 a prime number?
True
Is 184954883809 composite?
False
Is 3503400827 a prime number?
True
Is 32680244327 a prime number?
True
Is 4803390973 prime?
True
Is 293843353 prime?
True
Is 613921117 a prime number?
False
Is 57421980997 prime?
True
Is 3263487019 composite?
True
Is 200107879 prime?
False
Is 1355942837 composite?
True
Is 18981231151 prime?
False
Is 3086221574 prime?
False
Is 127486356451 a composite number?
False
Is 51011003699 prime?
True
Is 19615349647 prime?
False
Is 4407727361 composite?
True
Is 548790793 a prime number?
True
Is 177164521 a composite number?
False
Is 587240681 a prime number?
True
Is 4836675241 a prime number?
True
Is 764269673 a composite number?
True
Is 3850863286 a prime number?
False
Is 362064609613 a prime number?
False
Is 300249739 composite?
True
Is 1163501839 a prime number?
True
Is 4748464369 a prime number?
False
Is 227020331 composite?
False
Is 116039205629 prime?
True
Is 1471598339 a composite number?
False
Is 9670077971 a prime number?
True
Is 1894164581 prime?
False
Is 22230487402 a composite number?
True
Is 10218733699 a prime number?
True
Is 21190522723 a prime number?
True
Is 12421963 composite?
True
Is 5714933927 composite?
False
Is 2135827763 a composite number?
False
Is 2161701719 composite?
True
Is 44283532193 a prime number?
False
Is 18109894009 a prime number?
False
Is 2658341099 prime?
True
Is 5437228931 composite?
True
Is 87525483197 composite?
True
Is 264089299 composite?
False
Is 1080819007 a prime number?
True
Is 914435209 prime?
True
Is 566446813 a prime number?
True
Is 398728373 prime?
True
Is 679377107 composite?
False
Is 12348434257 a prime number?
True
Is 63128162741 composite?
True
Is 1228381639 a composite number?
False
Is 30038986361 a composite number?
False
Is 7155153591 a composite number?
True
Is 2064524551 prime?
False
Is 35707341539 a composite number?
False
Is 212639389 composite?
True
Is 6009856471 a composite number?
False
Is 3468112549 a prime number?
False
Is 1925467487 composite?
False
Is 192938657 a prime number?
False
Is 713111909 a prime number?
True
Is 103709945343 prime?
False
Is 2518975607 composite?
False
Is 34180306487 composite?
False
Is 322691911 a prime number?
False
Is 1844554549 composite?
True
Is 66764926781 a composite number?
True
Is 31693506367 a composite number?
False
Is 14952606641 a composite number?
True
Is 29414525011 a prime number?
False
Is 21697566635 prime?
False
Is 40252256501 a composite number?
True
Is 3251004037 composite?
False
Is 4050658739 prime?
True
Is 1227998227 a composite number?
False
Is 44025581 composite?
True
Is 46853734843 a prime number?
False
Is 99682427359 prime?
True
Is 1508507059 prime?
True
Is 7466101141 a prime number?
True
Is 417019387 a prime number?
False
Is 5874908159 prime?
True
Is 9902440801 a composite number?
True
Is 13221354403 a prime number?
True
Is 579517033 a composite number?
True
Is 3137944123 prime?
True
Is 3415631819 a composite number?
False
Is 17154742229 prime?
False
Is 573555517 composite?
False
Is 3748130123 prime?
False
Is 67744366021 composite?
False
Is 8302973023 a prime number?
True
Is 773599691 composite?
False
Is 72237368717 a composite number?
True
Is 9314006237 a composite number?
False
Is 896930351 prime?
False
Is 113453058689 composite?
False
Is 44172679 composite?
True
Is 39626941891 a composite number?
True
Is 9123140239 prime?
True
Is 1680197593 a prime number?
False
Is 2633382041 composite?
True
Is 70357256947 a composite number?
True
Is 194952503 prime?
True
Is 33726454931 a prime number?
False
Is 74183541637 prime?
True
Is 207528589 a prime number?
False
Is 12931005247 composite?
False
Is 104723599 prime?
True
Is 27364049893 prime?
False
Is 222590233 a prime number?
False
Is 130384789 composite?
True
Is 30195163 prime?
True
Is 321124723 a prime number?
True
Is 290391323 a composite number?
False
Is 584221991 a prime number?
True
Is 8914478101 a composite number?
False
Is 17644275458 a prime number?
False
Is 215293189 prime?
False
Is 519624011 a prime number?
False
Is 195405976801 prime?
False
Is 9888817681 composite?
False
Is 5648789539 a prime number?
True
Is 458931883 a composite number?
False
Is 102644475013 composite?
True
Is 14001720817 a prime number?
False
Is 200917610183 composite?
False
Is 20751890629 a prime number?
True
Is 17780798803 a prime number?
False
Is 9249594811 composite?
True
Is 77488969 prime?
False
Is 241621543531 a composite number?
False
Is 3236118763 a composite number?
False
Is 471755747 a composite number?
False
Is 12296700719 a prime number?
False
Is 17524209899 a prime number?
False
Is 1209941623 composite?
True
Is 144794117737 a prime number?
True
Is 688397657 prime?
False
Is 1778767589 prime?
True
Is 147297211273 a composite number?
False
Is 42841317731 composite?
False
Is 8694098653 composite?
False
Is 14315330158 a prime number?
False
Is 6099482281 a prime number?
True
Is 2227501601 a composite number?
True
Is 11239330693 composite?
True
Is 252589119115 a prime number?
False
Is 117854567 composite?
False
Is 14582143393 a composite number?
True
Is 241810168001 prime?
False
Is 1104776731 a prime number?
False
Is 1883363267 a prime number?
True
Is 616362667 a composite number?
False
Is 6338795329 a composite number?
True
Is 52868127737 composite?
True
Is 2136397859 a composite number?
False
Is 2467537523 a prime number?
False
Is 1980928259 prime?
False
Is 20702094074 a composite number?
True
Is 1296267437 prime?
True
Is 8224137143 a prime number?
False
Is 22563123169 a prime number?
False
Is 33292561837 composite?
False
Is 58397959657 composite?
False
Is 6827159726 prime?
False
Is 82912541 prime?
False
Is 1297358137 a composite number?
False
Is 262684949 a prime number?
False
Is 128901748387 composite?
False
Is 4519950107 a prime number?
False
Is 3745559863 a prime number?
True
Is 1832457689 composite?
False
Is 18336337447 a prime number?
True
Is 46753110317 a prime number?
False
Is 2515838173 composite?
False
Is 2079796471 composite?
False
Is 190576577 composite?
False
Is 1511556451 prime?
True
Is 503987453 a prime number?
True
Is 60743240837 a prime number?
True
Is 22303652869 a composite number?
False
Is 346037189 a composite number?
False
Is 18352965647 a prime number?
False
Is 1993281299 prime?
True
Is 1379767463 composite?
False
Is 44899687501 a prime number?
True
Is 6902273419 composite?
False
Is 32852930567 a composite number?
False
Is 7708208653 prime?
True
Is 961544447 composite?
True
Is 6587036633 a composite number?
False
Is 2261818709 composite?
False
Is 1177790129 a prime number?
True
Is 65571814303 composite?
False
Is 42988026215 a composite number?
True
Is 1424910901 composite?
True
Is 4527986339 a composite number?
True
Is 5477537159 prime?
False
Is 461116829 prime?
False
Is 103538098043 a composite number?
False
Is 8541500199 a composite number?
True
Is 316874489 a prime number?
False
Is 388477